t h(y) = y**3 + 38*y**2 + 65*y - 248. Calculate h(-36).
4
Let d(h) = -2*h**2 + 480*h + 26311. What is d(-46)?
-1
Let y(d) = 15*d + 479. What is y(-32)?
-1
Let b(q) = -q**2 - 65*q - 818. What is b(-17)?
-2
Let z(g) = g**3 + 51*g**2 + 33*g - 154. Calculate z(-50).
696
Let d(r) = -18*r**3 - 39*r**2 - 2*r + 2. Give d(-2).
-6
Let w(g) = -133*g + 656. Calculate w(5).
-9
Let b(d) = 49*d + 22. Determine b(-2).
-76
Let g(w) = 85*w + 305. What is g(-4)?
-35
Let i(q) = 2*q**2 + 3*q - 20. What is i(-7)?
57
Let t(n) = -4*n**3 + 25*n**2 - 6*n - 57. Give t(7).
-246
Let d(k) = 27*k - 84. What is d(7)?
105
Let v(c) = -c**3 - 231*c**2 - 13036*c - 204. Give v(-98).
-8
Let t(q) = 110*q + 665. Give t(-6).
5
Let l(m) = -3*m**3 - m**2 - 13*m + 20. Give l(2).
-34
Let i(t) = -t**3 - 83*t**2 - 286*t + 2388. Calculate i(-79).
18
Let g(a) = -3*a - 128. Give g(7).
-149
Let x(t) = -t**2 + 26*t - 38. Give x(24).
10
Let f(v) = v**3 + 27*v**2 - 39*v + 184. Determine f(-29).
-367
Let w(m) = 46*m + 312. Determine w(-7).
-10
Let n(b) = 35*b + 227. What is n(-6)?
17
Let i(k) = 2*k**2 + 63*k + 43. Calculate i(-31).
12
Let i(a) = a**3 - 11*a**2 - 51*a + 586. Calculate i(10).
-24
Let n(o) = -3*o**3 - 20*o**2 - 19*o + 36. Calculate n(-7).
218
Let p(l) = -9*l + 255. Calculate p(32).
-33
Let m(k) = -k**3 - 60*k**2 - 61*k - 73. Determine m(-59).
45
Let m(v) = v**2 + 10*v + 17. What is m(-9)?
8
Let y(t) = -3*t**3 - 148*t**2 + 99*t - 59. Determine y(-50).
-9
Let o(u) = 231*u - 61. Calculate o(-1).
-292
Let m(o) = o**2 + 14*o - 39. Give m(-26).
273
Let h(l) = 4*l**2 - 4*l - 27. Determine h(3).
-3
Let h(x) = -43*x - 498. What is h(-8)?
-154
Let z(p) = p**2 - 96*p + 2435. Give z(60).
275
Let f(z) = -1043*z - 16696. Give f(-16).
-8
Let j(s) = -7572*s - 7575. Give j(-1).
-3
Let h(g) = -8*g**2 - 935*g - 770. Determine h(-116).
42
Let f(p) = -1290*p - 19325. Calculate f(-15).
25
Let l(s) = 64*s + 3936. What is l(-65)?
-224
Let g(s) = -42*s - 188. Calculate g(-8).
148
Let o(l) = 51*l**2 + l - 2. Calculate o(2).
204
Let z(g) = -8*g**2 + 26*g - 48. Determine z(5).
-118
Let k(o) = -o**3 + 265*o**2 - 788*o + 518. Give k(262).
-6
Let q(r) = -34*r + 1501. Determine q(50).
-199
Let s(w) = -14*w**2 + 14*w + 11. Give s(-1).
-17
Let w(r) = -r**3 + 7*r**2 + 40*r - 2. Determine w(10).
98
Let y(o) = 2*o**2 - 143*o + 819. Give y(65).
-26
Let i(f) = -2*f + 101. Determine i(55).
-9
Let v(g) = -73*g**2 - 2993*g + 63. What is v(-41)?
63
Let n(r) = r**3 + 13*r**2 + 40*r + 47. Determine n(-9).
11
Let o(z) = 2*z**2 - 290*z + 4115. Give o(16).
-13
Let p(u) = -2*u**2 + u + 37. Determine p(-6).
-41
Let g(l) = 59*l**2 + 385*l + 4. Give g(-5).
-446
Let g(r) = 11*r**2 + 184*r + 181. Calculate g(-1).
8
Let h(s) = 2*s**3 - 542*s**2 - 4*s + 1086. What is h(271)?
2
Let k(q) = 41*q + 2549. Give k(-62).
7
Let n(b) = b**2 - 82*b + 367. Give n(77).
-18
Let b(m) = 171*m + 34. Give b(-2).
-308
Let s(x) = -2*x**3 + 9*x**2 + 16*x + 18. What is s(8)?
-302
Let m(r) = -53*r + 471. What is m(9)?
-6
Let k(w) = 6*w**2 + 143*w + 57. Calculate k(-25).
232
Let v(a) = 2*a**3 - 314*a**2 + 1525*a - 756. Determine v(152).
4
Let s(a) = 2*a**3 - 66*a**2 + 2*a - 53. Give s(33).
13
Let f(w) = -2*w**2 + 85*w - 818. Determine f(14).
-20
Let b(x) = -x**3 + 2*x**2 + 8*x - 6. Determine b(4).
-6
Let w(q) = 52*q - 42. Give w(-5).
-302
Let t(o) = 180*o + 1219. Determine t(-7).
-41
Let l(q) = q**3 - 3*q**2 + 30*q - 45. Calculate l(10).
955
Let g(o) = o**2 + 2147*o + 10699. What is g(-5)?
-11
Let l(h) = -2717*h - 29898. Determine l(-11).
-11
Let j(a) = 419*a + 385. Calculate j(-1).
-34
Let q(r) = -16*r**3 - 9*r**2 + r + 8. Determine q(1).
-16
Let t(f) = 377*f - 758. What is t(2)?
-4
Let t(j) = -67*j - 94. Give t(3).
-295
Let m(x) = -439*x - 648. What is m(-2)?
230
Let h(z) = 293*z - 632. Determine h(2).
-46
Let z(m) = 280*m**3 + 16*m**2 + 17*m - 34. Determine z(1).
279
Let b(x) = 2*x - 108. Give b(40).
-28
Let p(z) = 3*z**2 - 109*z - 84. Give p(37).
-10
Let k(r) = 2*r**2 + 514*r + 20070. Give k(-48).
6
Let v(g) = -5*g + 116. Give v(19).
21
Let w(s) = -s**3 + 84*s**2 + 152*s - 5706. Give w(85).
-11
Let c(n) = -5*n - 347. Give c(-70).
3
Let d(w) = 64*w**3 + 3*w**2 + 27*w + 22. What is d(-1)?
-66
Let h(d) = -2*d**2 + 16*d + 5. What is h(7)?
19
Let k(l) = -657*l + 5239. Give k(8).
-17
Let t(h) = 6*h**2 + 31*h - 1. Give t(-5).
-6
Let x(n) = -n**3 + 41*n**2 + 43*n - 100. Determine x(42).
-58
Let c(x) = x**3 + 18*x**2 + 23*x + 118. What is c(-17)?
16
Let v(r) = 17*r**2 + 103*r - 473. Give v(5).
467
Let f(d) = d**2 + 51*d + 538. What is f(-14)?
20
Let m(c) = 102*c - 1816. Determine m(17).
-82
Let p(d) = -d**3 + 72*d**2 + 83*d + 177. Calculate p(73).
907
Let t(g) = -2*g**2 - 10*g + 56. What is t(-11)?
-76
Let n(q) = 4*q**2 - 16*q + 7. Calculate n(4).
7
Let k(v) = 3*v + 285. Calculate k(22).
351
Let t(r) = -r**3 + 14*r**2 - 28*r + 41. Calculate t(12).
-7
Let j(l) = l**3 - 7*l**2 + 4*l - 9. Give j(8).
87
Let u(y) = 60*y**2 - 28*y + 50. Give u(2).
234
Let o(m) = m**2 - 57*m - 734. Calculate o(64).
-286
Let r(n) = 19*n**2 - 64*n - 237. What is r(-4)?
323
Let i(l) = l**3 + 5*l**2 - l + 1. Calculate i(-3).
22
Let b(u) = -u**3 + 2*u**2 + 122*u + 11. What is b(-10)?
-9
Let v(i) = i**3 - 14*i**2 + 38*i + 13. Determine v(10).
-7
Let b(h) = -82*h - 543. Give b(-7).
31
Let b(y) = 510*y - 2994. Calculate b(6).
66
Let z(s) = 2*s**3 + 12*s**2 + 44*s + 117. What is z(-4)?
5
Let x(c) = 2*c**2 + 58*c - 74. What is x(-30)?
-14
Let t(n) = -n**2 + 14*n + 796. Determine t(36).
4
Let y(d) = -d**2 + 81*d - 769. Determine y(71).
-59
Let i(w) = -w**2 + 136*w + 3115. Determine i(156).
-5
Let f(b) = b**3 + 9*b**2 + 34*b + 132. Determine f(-5).
62
Let a(r) = r**3 + 21*r**2 + 90*r + 10. Give a(-6).
10
Let t(b) = b**3 - 69*b**2 + 431*b + 17. Give t(7).
-4
Let v(f) = 64*f + 241. Calculate v(-4).
-15
Let u(n) = -7*n + 1250. Give u(60).
830
Let f(m) = 2*m**3 - 107*m**2 - 160*m - 261. Give f(55).
14
Let f(r) = -3*r**2 + 27*r - 49. Give f(-3).
-157
Let c(l) = l**2 - 285*l + 4308. Determine c(269).
4
Let k(d) = 1929*d + 17361. Calculate k(-9).
0
Let s(h) = 3*h**2 + 8*h + 8. Give s(-6).
68
Let q(r) = 3*r**2 + 5*r + 2. Determine q(3).
44
Let k(c) = 2*c**2 + 8*c - 3. Calculate k(2).
21
Let y(x) = x**3 - 9*x**2 - 32*x + 331. Give y(7).
9
Let z(t) = t**3 - 12*t**2 - 2565*t. Give z(57).
0
Let g(v) = v**3 - 14*v**2 - 10*v + 229. Give g(12).
-179
Let d(n) = -n**3 + 20*n**2 - 3*n + 656. Calculate d(21).
152
Let g(v) = -v**2 + 15*v + 26. Calculate g(17).
-8
Let u(s) = s**2 - 1619*s + 136173. Determine u(89).
3
Let v(b) = -7*b - 31. Determine v(-28).
165
Let s(h) = 13*h**2 - 135*h + 121. Calculate s(1).
-1
Let n(m) = 111*m**2 - 1238*m + 6. Determine n(12).
1134
Let m(n) = -243*n - 249. Calculate m(-1).
-6
Let p(u) = -u**3 - 17*u**2 - 44*u - 214. Determine p(-15).
-4
Let v(s) = 41*s**2 - 2545*s + 190. Determine v(62).
4
Let a(p) = -8*p - 388. Determine a(-50).
12
Let p(o) = 43*o**3 - 2*o**2 - 4*o + 1. What is p(-2)?
-343
Let b(z) = -z - 123. Determine b(-15).
-108
Let x(z) = -59*z - 1826. Calculate x(-31).
3
Let q(b) = 27*b - 1105. Calculate q(41).
2
Let x(a) = -a**3 + 286*a**2 - 276*a - 2562. Determine x(285).
3
Let k(h) = -177*h - 293. Calculate k(-5).
592
Let f(q) = 47*q + 1416. Give f(-30).
6
Let b(w) = -3*w**2 - 104*w + 31. Determine b(-41).
-748
Let h(u) = -223*u - 652. Calculate h(-3).
17
Let g(b) = -b**3 - b**2 - 2. Give g(4).
-82
Let n(p) = 2*p**3 + 54*p**2 - 37*p + 534. Determine n(-28).
2
Let l(s) = -7852*s + 70653. Calculate l(9).
-15
Let w(a) = 7104*a + 49725. Give w(-7).
-3
Let z(u) = -u**3 + 10*u**2 - 38*u + 552. Determine z(9).
291
Let f(r) = -219*r - 24329. What is f(-111)?
-20
Let k(u) = 6*u**2 + 32*u - 36. Give k(-6).
-12
Let z(m) = -40*m**2 + m + 1. Determine z(1).
-38
Let s(l) = 150*l + 616. Calculate s(-4).
16
Let b(t) = -63*t - 329. What is b(-4)?
-77
Let y(h) = 2*h**2 - 19*h - 346. Determine y(-16).
470
Let l(m) = -13684*m + 82108. Give l(6).
4
Let r(o) = -o**3 + 24*o**2 + 26*o - 53. Give r(25).
-28
Let j(c) = -c**3 - 14*c**2 - 144*c - 2380. Give j(-15).
5
Let d(a) = 4*a - 261. What is d(27)?
-153
Let l(t) = 292*t**2 + 1752*t + 1. Determine l(-6).
1
Let r(z) = 4331*z - 8660. What is r(2)?
2
Let s(t) = 2708*t - 10845. What is s(4)?
-13
Let v(o) = -o**2 + 27*o - 8. Give v(8).
144
Let t(o) = 